{"id":212,"date":"2023-08-07T12:38:13","date_gmt":"2023-08-07T10:38:13","guid":{"rendered":"http:\/\/www2.rv-soft.net\/?page_id=212"},"modified":"2026-02-02T12:40:13","modified_gmt":"2026-02-02T11:40:13","slug":"cenik","status":"publish","type":"page","link":"https:\/\/www.rv-soft.net\/index.php\/cenik\/","title":{"rendered":"Cen\u00edk"},"content":{"rendered":"<table width=\"700\" style=\"border: 0px solid; border-style: hidden;\">\n<tbody>\n<tr>\n<td bgcolor=\"#F0F0F0\" align=\"center\" valign=\"top\" style=\"border-spacing:0px;padding-left:5px;padding-right:5px;padding-top:5;padding-bottom:5;font-size:17px;border-radius:7px\">\n<!-- PRACE --><\/p>\n<table width=\"100%\" bgcolor=\"#101010\" style=\"border-radius:7px;color:white;\">\n<tbody>\n<tr>\n<td>&nbsp;&nbsp;<b>Servisn\u00ed pr\u00e1ce elektro, stroje a za\u0159\u00edzen\u00ed, telekomunika\u010dn\u00ed s\u00edt\u011b, zabezpe\u010den\u00ed<\/b><\/td>\n<\/tr>\n<\/tbody>\n<\/table>\n<table cellpadding=\"0\" cellspacing=\"0\" border=\"0\" width=\"99%\" height=\"20\">\n<tbody>\n<tr>\n<td width=\"400\" bgcolor=\"#D4D4D4\"><center>&nbsp;Slu\u017eba&nbsp;<\/center><\/td>\n<td width=\"200\" bgcolor=\"#D4D4D4\"><center>&nbsp;cena&nbsp;<\/center><\/td>\n<\/tr>\n<\/tbody>\n<\/table>\n<table cellpadding=\"0\" cellspacing=\"0\" border=\"0\" width=\"99%\">\n<tbody>\n<tr>\n<td width=\"400\" bgcolor=\"#EAEAEA\">&nbsp;&nbsp;Pr\u00e1ce technika&nbsp;<\/td>\n<td width=\"200\" bgcolor=\"#EAEAEA\">\n<center>&nbsp;700,-\/hod&nbsp;(847,-)<\/center><\/td>\n<\/tr>\n<\/tbody>\n<\/table>\n<table cellpadding=\"0\" cellspacing=\"0\" border=\"0\" width=\"99%\">\n<tbody>\n<tr>\n<td width=\"400\" bgcolor=\"#EAEAEA\">&nbsp;&nbsp;Pr\u00e1ce dal\u0161\u00edho technika&nbsp;<\/td>\n<td width=\"200\" bgcolor=\"#EAEAEA\">\n<center>&nbsp;300,-\/hod&nbsp;(363,-)<\/center><\/td>\n<\/tr>\n<\/tbody>\n<\/table>\n<p><!-- PRACE NIBE --><\/p>\n<table width=\"100%\" bgcolor=\"#101010\" style=\"border-radius:7px;color:white;\">\n<tbody>\n<tr>\n<td>&nbsp;&nbsp;<b>Servisn\u00ed pr\u00e1ce na tepeln\u00fdch \u010derpadlech NIBE<\/b><\/td>\n<\/tr>\n<\/tbody>\n<\/table>\n<table cellpadding=\"0\" cellspacing=\"0\" border=\"0\" width=\"99%\" height=\"20\">\n<tbody>\n<tr>\n<td width=\"400\" bgcolor=\"#D4D4D4\"><center>&nbsp;Slu\u017eba&nbsp;<\/center><\/td>\n<td width=\"200\" bgcolor=\"#D4D4D4\"><center>&nbsp;cena&nbsp;<\/center><\/td>\n<\/tr>\n<\/tbody>\n<\/table>\n<table cellpadding=\"0\" cellspacing=\"0\" border=\"0\" width=\"99%\">\n<tbody>\n<tr>\n<td width=\"400\" bgcolor=\"#EAEAEA\">&nbsp;&nbsp;Pr\u00e1ce technika&nbsp;<\/td>\n<td width=\"200\" bgcolor=\"#EAEAEA\">\n<center>&nbsp;950,-\/hod&nbsp;(1150,-)<\/center><\/td>\n<\/tr>\n<\/tbody>\n<\/table>\n<table cellpadding=\"0\" cellspacing=\"0\" border=\"0\" width=\"99%\">\n<tbody>\n<tr>\n<td width=\"400\" bgcolor=\"#EAEAEA\">&nbsp;&nbsp;Kontrola \/ revize p\u0159ed topnou sez\u00f3nou&nbsp;<\/td>\n<td width=\"200\" bgcolor=\"#EAEAEA\">\n<center>&nbsp;1240,-&nbsp;(1500,-)<\/center><\/td>\n<\/tr>\n<\/tbody>\n<\/table>\n<p><!-- SERVER PRACE --><\/p>\n<table width=\"100%\" bgcolor=\"#101010\" style=\"border-radius:7px;color:white;\">\n<tbody>\n<tr>\n<td>&nbsp;&nbsp;<b>Servisn\u00ed pr\u00e1ce na serverech, firewallech, sm\u011brova\u010d\u00edch, programov\u00e1n\u00ed<\/b><\/td>\n<\/tr>\n<\/tbody>\n<\/table>\n<table cellpadding=\"0\" cellspacing=\"0\" border=\"0\" width=\"99%\">\n<tbody>\n<tr>\n<td width=\"400\" bgcolor=\"#D4D4D4\"><center>&nbsp;Slu\u017eba&nbsp;<\/center><\/td>\n<td width=\"200\" bgcolor=\"#D4D4D4\"><center>&nbsp;cena&nbsp;<\/center><\/td>\n<\/tr>\n<\/tbody>\n<\/table>\n<table cellpadding=\"0\" cellspacing=\"0\" border=\"0\" width=\"99%\">\n<tbody>\n<tr>\n<td width=\"400\" bgcolor=\"#EAEAEA\">&nbsp;&nbsp;Pr\u00e1ce technika&nbsp;<\/td>\n<td width=\"200\" bgcolor=\"#EAEAEA\"><center>&nbsp;smluvn\u00ed&nbsp;<\/center><\/td>\n<\/tr>\n<\/tbody>\n<\/table>\n<p><!-- OPTIKA --><\/p>\n<table width=\"100%\" bgcolor=\"#101010\" style=\"border-radius:7px;color:white;\">\n<tbody>\n<tr>\n<td>&nbsp;&nbsp;<b>Optick\u00e9 datov\u00e9 s\u00edt\u011b<\/b><\/td>\n<\/tr>\n<\/tbody>\n<\/table>\n<table cellpadding=\"0\" cellspacing=\"0\" border=\"0\" width=\"99%\">\n<tbody>\n<tr>\n<td width=\"400\" bgcolor=\"#D4D4D4\"><center>&nbsp;Slu\u017eba&nbsp;<\/center><\/td>\n<td width=\"200\" bgcolor=\"#D4D4D4\"><center>&nbsp;cena&nbsp;<\/center><\/td>\n<\/tr>\n<\/tbody>\n<\/table>\n<table cellpadding=\"0\" cellspacing=\"0\" border=\"0\" width=\"99%\">\n<tbody>\n<tr>\n<td width=\"400\" bgcolor=\"#EAEAEA\">&nbsp;&nbsp;Sv\u00e1r optick\u00e9ho vl\u00e1kna&nbsp;<\/td>\n<td width=\"200\" bgcolor=\"#EAEAEA\"><center>&nbsp;140,-\/vl\u00e1kno&nbsp;(170,-)<\/center><\/td>\n<\/tr>\n<\/tbody>\n<\/table>\n<table cellpadding=\"0\" cellspacing=\"0\" border=\"0\" width=\"99%\">\n<tbody>\n<tr>\n<td width=\"400\" bgcolor=\"#EAEAEA\">&nbsp;&nbsp;Test celistvosti optick\u00e9 trasy (tzv. probliknut\u00ed)&nbsp;<\/td>\n<td width=\"200\" bgcolor=\"#EAEAEA\">\n<center>&nbsp;25,-\/vl\u00e1kno&nbsp;(30,-)<\/center><\/td>\n<\/tr>\n<\/tbody>\n<\/table>\n<table cellpadding=\"0\" cellspacing=\"0\" border=\"0\" width=\"99%\">\n<tbody>\n<tr>\n<td width=\"400\" bgcolor=\"#EAEAEA\">&nbsp;&nbsp;M\u011b\u0159en\u00ed optick\u00e9 trasy OTDR, 2 vlnov\u00e9 d\u00e9lky, protokol&nbsp;<\/td>\n<td width=\"200\" bgcolor=\"#EAEAEA\">\n<center>&nbsp;250,-\/vl\u00e1kno&nbsp;(303,-)<\/center><\/td>\n<\/tr>\n<\/tbody>\n<\/table>\n<table cellpadding=\"0\" cellspacing=\"0\" border=\"0\" width=\"99%\">\n<tbody>\n<tr>\n<td width=\"400\" bgcolor=\"#EAEAEA\">&nbsp;&nbsp;\u010ci\u0161t\u011bn\u00ed optick\u00fdch rozvad\u011b\u010d\u016f, konektor\u016f a spojek&nbsp;<br \/>\n&nbsp;&nbsp;(kontrola konektor\u016f a spojek pod mikroskopem)&nbsp;<\/td>\n<td width=\"200\" bgcolor=\"#EAEAEA\">\n<center>&nbsp;dle rozsahu<\/center><\/td>\n<\/tr>\n<\/tbody>\n<\/table>\n<p><!-- xDSL --><\/p>\n<table width=\"100%\" bgcolor=\"#101010\" style=\"border-radius:7px;color:white;\">\n<tbody>\n<tr>\n<td>&nbsp;&nbsp;<b>xDSL datov\u00e9 s\u00edt\u011b (VDSL, VDSL2, ADSL, &#8230;.)<\/b><\/td>\n<\/tr>\n<\/tbody>\n<\/table>\n<table cellpadding=\"0\" cellspacing=\"0\" border=\"0\" width=\"99%\">\n<tbody>\n<tr>\n<td width=\"400\" bgcolor=\"#D4D4D4\"><center>&nbsp;Slu\u017eba&nbsp;<\/center><\/td>\n<td width=\"200\" bgcolor=\"#D4D4D4\"><center>&nbsp;cena&nbsp;<\/center><\/td>\n<\/tr>\n<\/tbody>\n<\/table>\n<table cellpadding=\"0\" cellspacing=\"0\" border=\"0\" width=\"99%\">\n<tbody>\n<tr>\n<td width=\"400\" bgcolor=\"#EAEAEA\">&nbsp;&nbsp;M\u011b\u0159en\u00ed kvality a propustnosti xDSL s\u00edt\u00ed, protokol&nbsp;<\/td>\n<td width=\"200\" bgcolor=\"#EAEAEA\"><center>&nbsp;250,-\/linka&nbsp;(302,-)<\/center><\/td>\n<\/tr>\n<\/tbody>\n<\/table>\n<p><!-- REVIZE --><\/p>\n<table width=\"100%\" bgcolor=\"#101010\" style=\"border-radius:7px;color:white;\">\n<tbody>\n<tr>\n<td>&nbsp;&nbsp;<b>Revizn\u00ed slu\u017eby<\/b><\/td>\n<\/tr>\n<\/tbody>\n<\/table>\n<table cellpadding=\"0\" cellspacing=\"0\" border=\"0\" width=\"99%\">\n<tbody>\n<tr>\n<td width=\"400\" bgcolor=\"#D4D4D4\"><center>&nbsp;Slu\u017eba&nbsp;<\/center><\/td>\n<td width=\"200\" bgcolor=\"#D4D4D4\"><center>&nbsp;cena&nbsp;<\/center><\/td>\n<\/tr>\n<\/tbody>\n<\/table>\n<table cellpadding=\"0\" cellspacing=\"0\" border=\"0\" width=\"99%\">\n<tbody>\n<tr>\n<td width=\"400\" bgcolor=\"#EAEAEA\">&nbsp;&nbsp;Revize elektrospot\u0159ebi\u010d\u016f, prodlu\u017eov\u00e1k\u016f a n\u00e1\u0159ad\u00ed&nbsp;<br \/>\n&nbsp;&nbsp;\u010cSN 33 1600 ed.2, \u010cSN EN 50699:2021&nbsp;<\/td>\n<td width=\"200\" bgcolor=\"#EAEAEA\"><center>&nbsp;50,-\/ks&nbsp;(60.50,-)<br \/>mno\u017estevn\u00ed sleva mo\u017en\u00e1<\/center><\/td>\n<\/tr>\n<\/tbody>\n<\/table>\n<table cellpadding=\"0\" cellspacing=\"0\" border=\"0\" width=\"99%\">\n<tbody>\n<tr>\n<td width=\"400\" bgcolor=\"#EAEAEA\">&nbsp;&nbsp;Revize sva\u0159ovac\u00edch agreg\u00e1t\u016f \u010cSN 60974-4 ed.3&nbsp;<\/td>\n<td width=\"200\" bgcolor=\"#EAEAEA\"><center>&nbsp;240,-\/ks&nbsp;(290,-)<\/center><\/td>\n<\/tr>\n<\/tbody>\n<\/table>\n<table cellpadding=\"0\" cellspacing=\"0\" border=\"0\" width=\"99%\">\n<tbody>\n<tr>\n<td width=\"400\" bgcolor=\"#EAEAEA\">&nbsp;&nbsp;Revize v\u00fdrobn\u00edch stroj\u016f&nbsp;<\/td>\n<td width=\"200\" bgcolor=\"#EAEAEA\"><center>&nbsp;dle rozsahu&nbsp;<\/center><\/td>\n<\/tr>\n<\/tbody>\n<\/table>\n<table cellpadding=\"0\" cellspacing=\"0\" border=\"0\" width=\"99%\">\n<tbody>\n<tr>\n<td width=\"400\" bgcolor=\"#EAEAEA\">&nbsp;&nbsp;Revize odb\u011brn\u00e9ho m\u00edsta pro distributora<br \/>&nbsp;&nbsp;(vr\u00e1cen\u00ed \u010di instalace nov\u00e9ho elektrom\u011bru)&nbsp;<\/td>\n<td width=\"200\" bgcolor=\"#EAEAEA\"><center>&nbsp;1240,-\/ks&nbsp;(1500,-)<\/center><\/td>\n<\/tr>\n<\/tbody>\n<\/table>\n<table cellpadding=\"0\" cellspacing=\"0\" border=\"0\" width=\"99%\">\n<tbody>\n<tr>\n<td width=\"400\" bgcolor=\"#EAEAEA\">&nbsp;&nbsp;Revize elektroinstalace a za\u0159\u00edzen\u00ed&nbsp;<\/td>\n<td width=\"200\" bgcolor=\"#EAEAEA\"><center>&nbsp;dle rozsahu&nbsp;<\/center><\/td>\n<\/tr>\n<\/tbody>\n<\/table>\n<table cellpadding=\"0\" cellspacing=\"0\" border=\"0\" width=\"99%\">\n<tbody>\n<tr>\n<td width=\"400\" bgcolor=\"#EAEAEA\">&nbsp;&nbsp;Revize EPS, nouzov\u00e9ho osv\u011btlen\u00ed, evakua\u010dn\u00edho&nbsp;<br \/> &nbsp;&nbsp;rozhlasu \u010cSN 34 2710, \u010cSN EN 54-x, \u010cSN EN 1838,<br \/>\n&nbsp;&nbsp;\u010cSN EN 50849, vyhl.MV 246\/2001 Sb.&nbsp;<\/td>\n<td width=\"200\" bgcolor=\"#EAEAEA\"><center>&nbsp;dle rozsahu&nbsp;<\/center><\/td>\n<\/tr>\n<\/tbody>\n<\/table>\n<table cellpadding=\"0\" cellspacing=\"0\" border=\"0\" width=\"99%\">\n<tbody>\n<tr>\n<td width=\"400\" bgcolor=\"#EAEAEA\">&nbsp;&nbsp;Revize zabezpe\u010dovac\u00edch syst\u00e9m\u016f EZS, kamerov\u00fdch<br \/>\n&nbsp;&nbsp;syst\u00e9m\u016f, p\u0159\u00edstupov\u00fdch syst\u00e9m\u016f a datov\u00fdch s\u00edt\u00ed &nbsp;<\/td>\n<td width=\"200\" bgcolor=\"#EAEAEA\"><center>&nbsp;dle rozsahu&nbsp;<\/center><\/td>\n<\/tr>\n<\/tbody>\n<\/table>\n<p><!-- POSUDKY --><\/p>\n<table width=\"100%\" bgcolor=\"#101010\" style=\"border-radius:7px;color:white;\">\n<tbody>\n<tr>\n<td>&nbsp;&nbsp;<b>Posudky a likvidace<\/b><\/td>\n<\/tr>\n<\/tbody>\n<\/table>\n<table cellpadding=\"0\" cellspacing=\"0\" border=\"0\" width=\"99%\">\n<tbody>\n<tr>\n<td width=\"400\" bgcolor=\"#D4D4D4\"><center>&nbsp;Slu\u017eba&nbsp;<\/center><\/td>\n<td width=\"200\" bgcolor=\"#D4D4D4\"><center>&nbsp;cena&nbsp;<\/center><\/td>\n<\/tr>\n<\/tbody>\n<\/table>\n<table cellpadding=\"0\" cellspacing=\"0\" border=\"0\" width=\"99%\">\n<tbody>\n<tr>\n<td width=\"400\" bgcolor=\"#EAEAEA\">&nbsp;&nbsp;Posouzen\u00ed techniky za \u00fa\u010delem likvidace<br \/>\n&nbsp;&nbsp;a vystaven\u00ed likvida\u010dn\u00edho protokolu.<\/td>\n<td width=\"200\" bgcolor=\"#EAEAEA\"><center>&nbsp;75,-\/ks&nbsp;(90,-)<\/center><\/td>\n<\/tr>\n<\/tbody>\n<\/table>\n<table cellpadding=\"0\" cellspacing=\"0\" border=\"0\" width=\"99%\">\n<tbody>\n<tr>\n<td width=\"400\" bgcolor=\"#EAEAEA\">&nbsp;&nbsp;Posouzen\u00ed techniky v r\u00e1mci \u0161kodn\u00e9 ud\u00e1losti<br \/>\n&nbsp;&nbsp;a vypracov\u00e1n\u00ed posudku pro poji\u0161\u0165ovnu, soud \u010di<br \/>\n&nbsp;&nbsp;policii.<\/td>\n<td width=\"200\" bgcolor=\"#EAEAEA\"><center>&nbsp;950,-\/ks&nbsp;(1150,-)<\/center><\/td>\n<\/tr>\n<\/tbody>\n<\/table>\n<table width=\"100%\" bgcolor=\"#101010\" style=\"border-radius:7px;color:white;\">\n<tbody>\n<tr>\n<td>&nbsp;&nbsp;<b>Bezpe\u010dnostn\u00ed audit<\/b><\/td>\n<\/tr>\n<\/tbody>\n<\/table>\n<table cellpadding=\"0\" cellspacing=\"0\" border=\"0\" width=\"99%\">\n<tbody>\n<tr>\n<td width=\"400\" bgcolor=\"#D4D4D4\"><center>&nbsp;Slu\u017eba&nbsp;<\/center><\/td>\n<td width=\"200\" bgcolor=\"#D4D4D4\"><center>&nbsp;cena&nbsp;<\/center><\/td>\n<\/tr>\n<\/tbody>\n<\/table>\n<table cellpadding=\"0\" cellspacing=\"0\" border=\"0\" width=\"99%\">\n<tbody>\n<tr>\n<td width=\"400\" bgcolor=\"#EAEAEA\">&nbsp;&nbsp;Bezpe\u010dnostn\u00ed audit (po\u010d\u00edta\u010de, routery, firewally,<br \/>&nbsp;&nbsp;WIFI-ny, s\u00ed\u0165ov\u00e9 br\u00e1ny, VPN-ky, kamery, alarmy)<\/p>\n<td width=\"200\" bgcolor=\"#EAEAEA\"><center>&nbsp;dle rozsahu&nbsp;<\/td>\n<\/tr>\n<\/tbody>\n<\/tbody>\n<\/table>\n<p><!-- Doprava --><\/p>\n<table width=\"100%\" bgcolor=\"#101010\" style=\"border-radius:7px;color:white;\">\n<tbody>\n<tr>\n<td>&nbsp;&nbsp;<b>Dopravn\u00e9<\/b><\/td>\n<\/tr>\n<\/tbody>\n<\/table>\n<table cellpadding=\"0\" cellspacing=\"0\" border=\"0\" width=\"99%\">\n<tbody>\n<tr>\n<td width=\"400\" bgcolor=\"#D4D4D4\"><center>&nbsp;Dopravn\u00e9&nbsp;<\/center><\/td>\n<td width=\"200\" bgcolor=\"#D4D4D4\"><center>&nbsp;cena&nbsp;<\/center><\/td>\n<\/tr>\n<\/tbody>\n<\/table>\n<table cellpadding=\"0\" cellspacing=\"0\" border=\"0\" width=\"99%\">\n<tbody>\n<tr>\n<td width=\"400\" bgcolor=\"#EAEAEA\">&nbsp;&nbsp;Z\u00f3na 1<br \/>&nbsp;(D\u011b\u010d\u00edn a okol\u00ed do 30 km v\u010detn\u011b cesty zp\u011bt)&nbsp;<\/td>\n<td width=\"200\" bgcolor=\"#EAEAEA\"><center>&nbsp;zdarma&nbsp;<\/center><\/td>\n<\/tr>\n<\/tbody>\n<\/table>\n<table cellpadding=\"0\" cellspacing=\"0\" border=\"0\" width=\"99%\">\n<tbody>\n<tr>\n<td width=\"400\" bgcolor=\"#EAEAEA\">&nbsp;&nbsp;Z\u00f3na 2<br \/>&nbsp;(mimo m\u011bsto D\u011b\u010d\u00edn nad 30 km v\u010detn\u011b cesty zp\u011bt)&nbsp;<\/td>\n<td width=\"200\" bgcolor=\"#EAEAEA\"><center>&nbsp;12.40,-\/km&nbsp;(15,-)<\/center><\/td>\n<\/tr>\n<\/tbody>\n<\/table>\n<table width=\"100%\" bgcolor=\"#101010\" style=\"border-radius:7px;color:white;\">\n<tbody>\n<tr>\n<td>&nbsp;&nbsp;<b>Ceny jsou uvedeny bez DPH a ceny v z\u00e1vork\u00e1ch jsou v\u010detn\u011b DPH.<\/b><\/td>\n<\/tr>\n<\/tbody>\n<\/table>\n<p><!-- Konec ceniku --><\/td>\n<\/tr>\n<\/tbody>\n<\/table>\n","protected":false},"excerpt":{"rendered":"<p>&nbsp;&nbsp;Servisn\u00ed pr\u00e1ce elektro, stroje a za\u0159\u00edzen\u00ed, telekomunika\u010dn\u00ed s\u00edt\u011b, zabezpe\u010den\u00ed &nbsp;Slu\u017eba&nbsp; &nbsp;cena&nbsp; &nbsp;&nbsp;Pr\u00e1ce technika&nbsp; &nbsp;700,-\/hod&nbsp;(847,-) &nbsp;&nbsp;Pr\u00e1ce dal\u0161\u00edho technika&nbsp; &nbsp;300,-\/hod&nbsp;(363,-) &nbsp;&nbsp;Servisn\u00ed pr\u00e1ce na tepeln\u00fdch \u010derpadlech NIBE &nbsp;Slu\u017eba&nbsp; &nbsp;cena&nbsp; &nbsp;&nbsp;Pr\u00e1ce technika&nbsp; &nbsp;950,-\/hod&nbsp;(1150,-) &nbsp;&nbsp;Kontrola \/ revize p\u0159ed topnou sez\u00f3nou&nbsp; &nbsp;1240,-&nbsp;(1500,-) &nbsp;&nbsp;Servisn\u00ed pr\u00e1ce na serverech, firewallech, sm\u011brova\u010d\u00edch, programov\u00e1n\u00ed &nbsp;Slu\u017eba&nbsp; &nbsp;cena&nbsp; &nbsp;&nbsp;Pr\u00e1ce technika&nbsp; &nbsp;smluvn\u00ed&nbsp; &nbsp;&nbsp;Optick\u00e9 datov\u00e9 s\u00edt\u011b &nbsp;Slu\u017eba&nbsp; &nbsp;cena&nbsp; &nbsp;&nbsp;Sv\u00e1r optick\u00e9ho [&hellip;]<\/p>\n","protected":false},"author":1,"featured_media":0,"parent":0,"menu_order":6,"comment_status":"closed","ping_status":"closed","template":"","meta":{"footnotes":""},"class_list":["post-212","page","type-page","status-publish","hentry"],"_links":{"self":[{"href":"https:\/\/www.rv-soft.net\/index.php\/wp-json\/wp\/v2\/pages\/212","targetHints":{"allow":["GET"]}}],"collection":[{"href":"https:\/\/www.rv-soft.net\/index.php\/wp-json\/wp\/v2\/pages"}],"about":[{"href":"https:\/\/www.rv-soft.net\/index.php\/wp-json\/wp\/v2\/types\/page"}],"author":[{"embeddable":true,"href":"https:\/\/www.rv-soft.net\/index.php\/wp-json\/wp\/v2\/users\/1"}],"replies":[{"embeddable":true,"href":"https:\/\/www.rv-soft.net\/index.php\/wp-json\/wp\/v2\/comments?post=212"}],"version-history":[{"count":146,"href":"https:\/\/www.rv-soft.net\/index.php\/wp-json\/wp\/v2\/pages\/212\/revisions"}],"predecessor-version":[{"id":804,"href":"https:\/\/www.rv-soft.net\/index.php\/wp-json\/wp\/v2\/pages\/212\/revisions\/804"}],"wp:attachment":[{"href":"https:\/\/www.rv-soft.net\/index.php\/wp-json\/wp\/v2\/media?parent=212"}],"curies":[{"name":"wp","href":"https:\/\/api.w.org\/{rel}","templated":true}]}}