{"id":195,"date":"2023-08-07T10:46:08","date_gmt":"2023-08-07T08:46:08","guid":{"rendered":"http:\/\/www2.rv-soft.net\/?page_id=195"},"modified":"2025-07-21T22:37:20","modified_gmt":"2025-07-21T20:37:20","slug":"kvalifikace","status":"publish","type":"page","link":"https:\/\/www.rv-soft.net\/index.php\/kvalifikace\/","title":{"rendered":"Kvalifikace"},"content":{"rendered":"<table width=\"700\" style=\"border:0px solid; border-style: hidden;\">\n<tbody>\n<tr>\n<td bgcolor=\"#F0F0F0\" align=\"center\" valign=\"top\" style=\"border-spacing:0px;padding-left:5px;padding-right:5px;padding-top:5;padding-bottom:5;font-size:17px;border-radius:7px;\">\n<table width=\"100%\" bgcolor=\"#101010\" style=\"border-radius:7px;color:white;\">\n<tbody>\n<tr>\n<td>&nbsp;&nbsp;<b>Certifik\u00e1ty<\/b><\/td>\n<\/tr>\n<\/tbody>\n<\/table>\n<table width=\"690\" style=\"border: 0px solid;\">\n<tbody>\n<tr>\n<td bgcolor=\"#F0F0F0\" align=\"center\" valign=\"top\" width=\"120\" style=\"border-spacing:0px;padding-top:5;padding-bottom:5;font-size:16px;\">\n<center><a href=\"..\/..\/certifikace\/pdf\/koncese.pdf\" target=\"koncese\" rel=\"noopener\"><br \/>\n<img decoding=\"async\" src=\"..\/..\/certifikace\/mini\/koncese_mini.jpg\" border=\"0\" alt=\"crt-miniatura\"><\/a><br \/>\nKoncese<\/center><\/td>\n<td bgcolor=\"#F0F0F0\" align=\"center\" valign=\"top\" width=\"120\" style=\"border-spacing:0px;padding-top:5;padding-bottom:5;font-size:16px;\">\n<center><a href=\"..\/..\/certifikace\/pdf\/Zakon.250.pdf\" target=\"v.50\" rel=\"noopener\"><br \/>\n<img decoding=\"async\" src=\"..\/..\/certifikace\/mini\/Zakon.250_mini.jpg\" border=\"0\" alt=\"crt-miniatura\"><\/a><br \/>\nZ\u00e1kon 250<br \/>\u00a78 a \u00a79<\/b><\/font><\/center><\/td>\n<td bgcolor=\"#F0F0F0\" align=\"center\" valign=\"top\" width=\"120\" style=\"border-spacing:0px;padding-top:5;padding-bottom:5;font-size:16px;\">\n<center><a href=\"..\/..\/certifikace\/pdf\/RT-EZ.pdf\" target=\"RT-EZ\" rel=\"noopener\"><br \/>\n<img decoding=\"async\" src=\"..\/..\/certifikace\/mini\/RT-EZ_mini.jpg\" border=\"0\" alt=\"crt-miniatura\"><\/a><br \/>\nTI\u010cR RT-EZ-E2A<\/center><\/td>\n<td bgcolor=\"#F0F0F0\" align=\"center\" valign=\"top\" width=\"120\" style=\"border-spacing:0px;padding-top:5;padding-bottom:5;font-size:16px;\">\n<center><a href=\"..\/..\/certifikace\/pdf\/TICR.EZ-M.pdf\" target=\"EZ-M\" rel=\"noopener\"><br \/>\n<img decoding=\"async\" src=\"..\/..\/certifikace\/mini\/TICR-EZ-M_mini.jpg\" border=\"0\" alt=\"crt-miniatura\"><\/a><br \/>\nTI\u010cR EZ-M,O,R,Z-E2A<\/center><\/td>\n<td bgcolor=\"#F0F0F0\" align=\"center\" valign=\"top\" width=\"120\" style=\"border-spacing:0px;padding-top:5;padding-bottom:5;font-size:16px;\">\n<center><a href=\"..\/..\/certifikace\/pdf\/obloukove_svarovani.pdf\" target=\"esk\" rel=\"noopener\"><br \/>\n<img decoding=\"async\" src=\"..\/..\/certifikace\/mini\/obloukove_svarovani_mini.jpg\" border=\"0\" alt=\"crt-miniatura\"><\/a><br \/>\nSva\u0159ov\u00e1n\u00ed el.obloukem<\/center><\/td>\n<\/tr>\n<tr>\n<td bgcolor=\"#F0F0F0\" align=\"center\" valign=\"top\" width=\"120\" style=\"border-spacing:0px;padding-top:5;padding-bottom:5;font-size:16px;\">\n<center><a href=\"..\/..\/certifikace\/pdf\/jablotron.pdf\" target=\"jablotron.1\" rel=\"noopener\"><br \/>\n<img decoding=\"async\" src=\"..\/..\/certifikace\/mini\/jablotron_mini.jpg\" border=\"0\" alt=\"crt-miniatura\"><\/a><br \/>\nJABLOTRON<\/center><\/td>\n<td bgcolor=\"#F0F0F0\" align=\"center\" valign=\"top\" width=\"120\" style=\"border-spacing:0px;padding-top:5;padding-bottom:5;font-size:16px;\">\n<center><a href=\"..\/..\/certifikace\/pdf\/jablotron_renew.pdf\" target=\"jablotron.2\" rel=\"noopener\"><br \/>\n<img decoding=\"async\" src=\"..\/..\/certifikace\/mini\/jablotron_mini.jpg\" border=\"0\" alt=\"crt-miniatura\"><\/a><br \/>\nJABLOTRON renew<\/center><\/td>\n<td bgcolor=\"#F0F0F0\" align=\"center\" valign=\"top\" width=\"120\" style=\"border-spacing:0px;padding-top:5;padding-bottom:5;font-size:16px;\">\n<center><a href=\"..\/..\/certifikace\/pdf\/EVS.2022.pdf\" target=\"topeni\" rel=\"noopener\"><br \/>\n<img decoding=\"async\" src=\"..\/..\/certifikace\/mini\/EVS.2022_mini.jpg\" border=\"0\" alt=\"crt-miniatura\"><\/a><br \/>\nP\u0159\u00edstupov\u00e9 syst\u00e9my<\/center><\/td>\n<td bgcolor=\"#F0F0F0\" align=\"center\" valign=\"top\" width=\"120\" style=\"border-spacing:0px;padding-top:5;padding-bottom:5;font-size:16px;\">\n<center><a href=\"..\/..\/certifikace\/pdf\/digiplex_evo.pdf\" target=\"pzs\" rel=\"noopener\"><br \/>\n<img decoding=\"async\" src=\"..\/..\/certifikace\/mini\/digiplex_evo_mini.jpg\" border=\"0\" alt=\"crt-miniatura\"><\/a><br \/>\nDigiplex EVO PARADOX<\/center><\/td>\n<td bgcolor=\"#F0F0F0\" align=\"center\" valign=\"top\" width=\"120\" style=\"border-spacing:0px;padding-top:5;padding-bottom:5;font-size:16px;\">\n<center><a href=\"..\/..\/certifikace\/pdf\/dahua_tech.pdf\" target=\"jablotron.3\" rel=\"noopener\"><br \/>\n<img decoding=\"async\" src=\"..\/..\/certifikace\/mini\/dahua_tech_mini.jpg\" border=\"0\" alt=\"crt-miniatura\"><\/a><br \/>\nKamerov\u00e9 sys. DAHUA<\/center><\/td>\n<\/tr>\n<tr>\n<td bgcolor=\"#F0F0F0\" align=\"center\" valign=\"top\" width=\"120\" style=\"border-spacing:0px;padding-top:5;padding-bottom:5;font-size:16px;\">\n<center><a href=\"..\/..\/certifikace\/pdf\/EPS.Lites.pdf\" target=\"Lites\" rel=\"noopener\"><br \/>\n<img decoding=\"async\" src=\"..\/..\/certifikace\/mini\/EPS.Lites_mini.jpg\" border=\"0\" alt=\"crt-miniatura\"><\/a><br \/>\nEPS syst\u00e9my LITES<\/b><\/center><\/td>\n<td bgcolor=\"#F0F0F0\" align=\"center\" valign=\"top\" width=\"120\" style=\"border-spacing:0px;padding-top:5;padding-bottom:5;font-size:16px;\">\n<center><a href=\"..\/..\/certifikace\/pdf\/EPS.Detectomat.pdf\" target=\"topeni\" rel=\"noopener\"><br \/>\n<img decoding=\"async\" src=\"..\/..\/certifikace\/mini\/EPS.Detectomat_mini.jpg\" border=\"0\" alt=\"crt-miniatura\"><\/a><br \/>\nEPS syst\u00e9my Detectomat<\/center><\/td>\n<td bgcolor=\"#F0F0F0\" align=\"center\" valign=\"top\" width=\"120\" style=\"border-spacing:0px;padding-top:5;padding-bottom:5;font-size:16px;\">\n<center><a href=\"..\/..\/certifikace\/pdf\/Bosch.EPS.pdf\" target=\"kerio_sales\" rel=\"noopener\"><br \/>\n<img decoding=\"async\" src=\"..\/..\/certifikace\/mini\/Bosch.EPS_mini.jpg\" border=\"0\" alt=\"crt-miniatura\"><\/a><br \/>\nEPS syst\u00e9my Bosch<\/center><\/td>\n<td bgcolor=\"#F0F0F0\" align=\"center\" valign=\"top\" width=\"120\" style=\"border-spacing:0px;padding-top:5;padding-bottom:5;font-size:16px;\">\n<center><a href=\"..\/..\/certifikace\/pdf\/CzechPhone.pdf\" target=\"czechphone\" rel=\"noopener\"><br \/>\n<img decoding=\"async\" src=\"..\/..\/certifikace\/mini\/CzechPhone_mini.jpg\" border=\"0\" alt=\"crt-miniatura\"><\/a><br \/>\nDomovn\u00ed syst\u00e9my CzechPhone&reg;<\/center><\/td>\n<td bgcolor=\"#F0F0F0\" align=\"center\" valign=\"top\" width=\"120\" style=\"border-spacing:0px;padding-top:5;padding-bottom:5;font-size:16px;\">\n<center><a href=\"..\/..\/certifikace\/pdf\/loxone.L1.pdf\" target=\"loxone\" rel=\"noopener\"><br \/>\n<img decoding=\"async\" src=\"..\/..\/certifikace\/mini\/loxone_mini.jpg\" border=\"0\" alt=\"crt-miniatura\"><\/a><br \/>\nLoxone<\/center><\/td>\n<\/tr>\n<tr>\n<td bgcolor=\"#F0F0F0\" align=\"center\" valign=\"top\" width=\"120\" style=\"border-spacing:0px;padding-top:5;padding-bottom:5;font-size:16px;\">\n<center><a href=\"..\/..\/certifikace\/pdf\/avg_dealer.pdf\" target=\"avg\" rel=\"noopener\"><br \/>\n<img decoding=\"async\" src=\"..\/..\/certifikace\/mini\/avg_mini.jpg\" border=\"0\" alt=\"crt-miniatura\"><\/a><br \/>\nAVG sales<\/center><\/td>\n<td bgcolor=\"#F0F0F0\" align=\"center\" valign=\"top\" width=\"120\" style=\"border-spacing:0px;padding-top:5;padding-bottom:5;font-size:16px;\">\n<center><a href=\"..\/..\/certifikace\/pdf\/kerio_control_tech.pdf\" target=\"kcontrol\" rel=\"noopener\"><br \/>\n<img decoding=\"async\" src=\"..\/..\/certifikace\/mini\/kerio_control_tech_mini.jpg\" border=\"0\" alt=\"crt-miniatura\"><\/a><br \/>\nKerio Control Professional<\/center><\/td>\n<td bgcolor=\"#F0F0F0\" align=\"center\" valign=\"top\" width=\"120\" style=\"border-spacing:0px;padding-top:5;padding-bottom:5;font-size:16px;\">\n<center><a href=\"..\/..\/certifikace\/pdf\/kerio_connect_tech.pdf\" target=\"kconnect\" rel=\"noopener\"><br \/>\n<img decoding=\"async\" src=\"..\/..\/certifikace\/mini\/kerio_connect_tech_mini.jpg\" border=\"0\" alt=\"crt-miniatura\"><\/a><br \/>\nKerio Connect Professional<\/center><\/td>\n<td bgcolor=\"#F0F0F0\" align=\"center\" valign=\"top\" width=\"120\" style=\"border-spacing:0px;padding-top:5;padding-bottom:5;font-size:16px;\">\n<center><a href=\"..\/..\/certifikace\/pdf\/kerio_operator_tech.pdf\" target=\"kerio_op\" rel=\"noopener\"><br \/>\n<img decoding=\"async\" src=\"..\/..\/certifikace\/mini\/kerio_operator_tech_mini.jpg\" border=\"0\" alt=\"crt-miniatura\"><\/a><br \/>\nKerio Operator Professional<\/center><\/td>\n<td bgcolor=\"#F0F0F0\" align=\"center\" valign=\"top\" width=\"120\" style=\"border-spacing:0px;padding-top:5;padding-bottom:5;font-size:16px;\">\n<center><a href=\"..\/..\/certifikace\/pdf\/Kerio_Sales_Professional.pdf\" target=\"kerio_sales\" rel=\"noopener\"><br \/>\n<img decoding=\"async\" src=\"..\/..\/certifikace\/mini\/kerio_sales_pro_mini.jpg\" border=\"0\" alt=\"crt-miniatura\"><\/a><br \/>\nKerio Sales Profesional<\/center><\/td>\n<\/tr>\n<tr>\n<td bgcolor=\"#F0F0F0\" align=\"center\" valign=\"top\" width=\"120\" style=\"border-spacing:0px;padding-top:5;padding-bottom:5;font-size:16px;\">\n<center><a href=\"..\/..\/certifikace\/pdf\/cert_asm.pdf\" target=\"asm.1\" rel=\"noopener\"><br \/>\n<img decoding=\"async\" src=\"..\/..\/certifikace\/mini\/cert_asm_mini.jpg\" border=\"0\" alt=\"crt-miniatura\"><\/a><br \/>\nIP kamery<\/center><\/td>\n<td bgcolor=\"#F0F0F0\" align=\"center\" valign=\"top\" width=\"120\" style=\"border-spacing:0px;padding-top:5;padding-bottom:5;font-size:16px;\">\n<center><a href=\"..\/..\/certifikace\/pdf\/cert_asm_videovratni.pdf\" target=\"asm.2\" rel=\"noopener\"><br \/>\n<img decoding=\"async\" src=\"..\/..\/certifikace\/mini\/cert_asm_videovratni_mini.jpg\" border=\"0\" alt=\"crt-miniatura\"><\/a><br \/>\nVideovr\u00e1tn\u00ed<\/center><\/td>\n<td bgcolor=\"#F0F0F0\" align=\"center\" valign=\"top\" width=\"120\" style=\"border-spacing:0px;padding-top:5;padding-bottom:5;font-size:16px;\">\n<center><a href=\"..\/..\/certifikace\/pdf\/HD-CVI.Kamery.pdf\" target=\"esk\" rel=\"noopener\"><br \/>\n<img decoding=\"async\" src=\"..\/..\/certifikace\/mini\/HD-CVI.Kamery_mini.jpg\" border=\"0\" alt=\"crt-miniatura\"><\/a><br \/>\nHD-CVI kamery<\/center><\/td>\n<td bgcolor=\"#F0F0F0\" align=\"center\" valign=\"top\" width=\"120\" style=\"border-spacing:0px;padding-top:5;padding-bottom:5;font-size:16px;\">\n<center><a href=\"..\/..\/certifikace\/pdf\/asm_optic.pdf\" target=\"esk\" rel=\"noopener\"><br \/>\n<img decoding=\"async\" src=\"..\/..\/certifikace\/mini\/asm_optic_mini.jpg\" border=\"0\" alt=\"crt-miniatura\"><\/a><br \/>\nOptick\u00e9 trasy<\/center><\/td>\n<td bgcolor=\"#F0F0F0\" align=\"center\" valign=\"top\" width=\"120\" style=\"border-spacing:0px;padding-top:5;padding-bottom:5;font-size:16px;\">\n<center><a href=\"..\/..\/certifikace\/pdf\/eurosat_paradox.pdf\" target=\"paradox\" rel=\"noopener\"><br \/>\n<img decoding=\"async\" src=\"..\/..\/certifikace\/mini\/eurosat_paradox_mini.jpg\" border=\"0\" alt=\"crt-miniatura\"><\/a><br \/>\nPARADOX<\/center><\/td>\n<\/tr>\n<tr>\n<td bgcolor=\"#F0F0F0\" align=\"center\" valign=\"top\" width=\"120\" style=\"border-spacing:0px;padding-top:5;padding-bottom:5;font-size:16px;\">\n<center><a href=\"..\/..\/certifikace\/pdf\/eurosat_pzs.pdf\" target=\"digiplex\" rel=\"noopener\"><br \/>\n<img decoding=\"async\" src=\"..\/..\/certifikace\/mini\/eurosat_pzs_mini.jpg\" border=\"0\" alt=\"crt-miniatura\"><\/a><br \/>\nPZS<\/center><\/td>\n<td bgcolor=\"#F0F0F0\" align=\"center\" valign=\"top\" width=\"120\" style=\"border-spacing:0px;padding-top:5;padding-bottom:5;font-size:16px;\">\n<center><a href=\"..\/..\/certifikace\/pdf\/EIS.2023.12.pdf\" target=\"EVS\" rel=\"noopener\"><br \/>\n<img decoding=\"async\" src=\"..\/..\/certifikace\/mini\/EIS.2023.12_mini.jpg\" border=\"0\" alt=\"crt-miniatura\"><\/a><br \/>\nNevyhrazen\u00e1 el.za\u0159\u00edzen\u00ed<\/center><\/td>\n<td bgcolor=\"#F0F0F0\" align=\"center\" valign=\"top\" width=\"120\" style=\"border-spacing:0px;padding-top:5;padding-bottom:5;font-size:16px;\">\n&nbsp;<br \/>\n&nbsp;<\/td>\n<td bgcolor=\"#F0F0F0\" align=\"center\" valign=\"top\" width=\"120\" style=\"border-spacing:0px;padding-top:5;padding-bottom:5;font-size:16px;\">\n&nbsp;<br \/>\n&nbsp;<\/td>\n<td bgcolor=\"#F0F0F0\" align=\"center\" valign=\"top\" width=\"120\" style=\"border-spacing:0px;padding-top:5;padding-bottom:5;font-size:16px;\">\n&nbsp;<br \/>\n&nbsp;<\/td>\n<\/tr>\n<\/tbody>\n<\/table>\n<\/td>\n<\/tr>\n<\/tbody>\n<\/table>\n","protected":false},"excerpt":{"rendered":"<p>&nbsp;&nbsp;Certifik\u00e1ty Koncese Z\u00e1kon 250\u00a78 a \u00a79 TI\u010cR RT-EZ-E2A TI\u010cR EZ-M,O,R,Z-E2A Sva\u0159ov\u00e1n\u00ed el.obloukem JABLOTRON JABLOTRON renew P\u0159\u00edstupov\u00e9 syst\u00e9my Digiplex EVO PARADOX Kamerov\u00e9 sys. DAHUA EPS syst\u00e9my LITES EPS syst\u00e9my Detectomat EPS syst\u00e9my Bosch Domovn\u00ed syst\u00e9my CzechPhone&reg; Loxone AVG sales Kerio Control Professional Kerio Connect Professional Kerio Operator Professional Kerio Sales Profesional IP kamery Videovr\u00e1tn\u00ed HD-CVI kamery [&hellip;]<\/p>\n","protected":false},"author":1,"featured_media":0,"parent":0,"menu_order":4,"comment_status":"closed","ping_status":"closed","template":"","meta":{"footnotes":""},"class_list":["post-195","page","type-page","status-publish","hentry"],"_links":{"self":[{"href":"https:\/\/www.rv-soft.net\/index.php\/wp-json\/wp\/v2\/pages\/195","targetHints":{"allow":["GET"]}}],"collection":[{"href":"https:\/\/www.rv-soft.net\/index.php\/wp-json\/wp\/v2\/pages"}],"about":[{"href":"https:\/\/www.rv-soft.net\/index.php\/wp-json\/wp\/v2\/types\/page"}],"author":[{"embeddable":true,"href":"https:\/\/www.rv-soft.net\/index.php\/wp-json\/wp\/v2\/users\/1"}],"replies":[{"embeddable":true,"href":"https:\/\/www.rv-soft.net\/index.php\/wp-json\/wp\/v2\/comments?post=195"}],"version-history":[{"count":45,"href":"https:\/\/www.rv-soft.net\/index.php\/wp-json\/wp\/v2\/pages\/195\/revisions"}],"predecessor-version":[{"id":729,"href":"https:\/\/www.rv-soft.net\/index.php\/wp-json\/wp\/v2\/pages\/195\/revisions\/729"}],"wp:attachment":[{"href":"https:\/\/www.rv-soft.net\/index.php\/wp-json\/wp\/v2\/media?parent=195"}],"curies":[{"name":"wp","href":"https:\/\/api.w.org\/{rel}","templated":true}]}}